lculate 3 + -12 - (123 + -117).
-15
What is 24 + 1 + (-22 - (-7 + -7))?
17
Evaluate 0 + (16 - -1) + (1543 - 1538).
22
What is -8 + -1 + (1 - (-8 - -10))?
-10
Evaluate 35 + 5 + (-22 - 46).
-28
What is (3 - (-2 - -14)) + 2?
-7
What is 12 - (-8 + 17 - -6 - 29)?
26
Calculate 8 - (9 - -13) - (-19 - 6).
11
Evaluate 1 - (-14 - (13 - 8)).
20
Evaluate (41 - 47) + 10 - (-10 + -1).
15
What is the value of 2 - (14 - 8 - 1) - -16?
13
Evaluate -407 + 416 - (0 + -7).
16
What is the value of -15 + -1 + (5 - 5)?
-16
What is the value of (52 - 39) + 17 + -3 + -7?
20
What is the value of 18 + (3 - (1 - (-2 + -5)))?
13
Evaluate (59 - 24) + (-5 - -8 - 13).
25
What is the value of 3 + -23 + (-7 - -16)?
-11
What is the value of -5 - (4 + (-4 - 12))?
7
Evaluate 67 + -48 + -5 + (-2 - 12).
0
Calculate -1120 + 1092 + 33 + 0.
5
Evaluate -4 - 23 - (-15 - -8 - -1).
-21
What is (-10 - 2) + (2 - 1 - (-3 - 0))?
-8
What is the value of 5 + -5 - (-2 + -7)?
9
Evaluate -3 + (2 - -1) + (-9 + 7 - 4).
-6
-4 - 1 - ((-35 - 6) + 23)
13
Calculate (1 - 10) + 7 + (-7 - -17).
8
Evaluate 30 + -4 - -4 - (1 - (-2 - -1)).
28
5 - (7 + -10 - -9)
-1
Calculate 12 + 8 + -13 + -5.
2
10 - ((24 - 20) + -4)
10
4 + (-1 + -2 - (5 - -4))
-8
Calculate -47 - (-47 + 42 + -37).
-5
Calculate 5 + -3 - 0 - (10 + -8 - 19).
19
What is 4 - (-1 + (-2 - (2 + -6 + -3)))?
0
Calculate (3 - 0) + 6 + -10 + 5 + 12.
16
6 + 5 + -14 - (-6 + -2)
5
What is 4 + (-39 - -23) + 17?
5
Calculate 0 + 28 + -29 - 30.
-31
What is the value of -22 - (-24 + 2) - -13?
13
Calculate 9 - (-17 + -9 + (-10 - -24)).
21
(14 - 10) + 3 - (-2 + 5)
4
176 - 175 - (-1 - -6)
-4
Calculate (-60 - -54) + (12 - -4).
10
-28 + (-3 - 0 - (-60 - -39))
-10
1 + 2 + (-10 - -12) - -3
8
What is the value of 0 - (-1 + 17 + 1 + (133 - 141))?
-9
Calculate 0 + (4 - -4) + -1 + -3 + -1.
3
What is the value of 5 + 3 + -11 - -11?
8
What is (8 - -6) + (6 - -1 - (-15 - -20))?
16
What is -3 - (12 + (8 - 14)) - -21?
12
Calculate (89 - 79) + (2 - 25).
-13
(4 - (13 - 1)) + -3
-11
What is -13 + 43 + -8 + -14 + -7?
1
Calculate -12 + (9 - 13 - -12).
-4
-7 + (-1 + 0 - (-136 + 127))
1
-22 + (-34 - -50) - (-24 - (-2 - -5))
21
(9 - -1) + (-121 - -116) - -11
16
What is the value of (35 - 51 - -11) + (6 - 1)?
0
Calculate -4 + 18 + -2 + 4.
16
Calculate -306 - -304 - ((-8 - 0) + 0).
6
What is the value of 20 - 1 - (-36 + -22 + 53)?
24
-10 - (11 - 31 - -8)
2
Calculate -4 + (-1 - ((10 - (4 + 4)) + -3)).
-4
What is the value of (-9 - -26) + 8 + 0 + -4?
21
6 + (-2 - 3 - 3) + (-12 - -15)
1
Calculate (0 + 6 - (-33 + 40)) + (-3 - -15).
11
What is -15 - (-2 + -14 - (-25 + 14)) - 21?
-31
Evaluate -4 - (4 - -1 - 28).
19
What is 9 + (-11 - -10) - 6 - 8?
-6
Calculate -13 + 15 + (5 - 1 - 3).
3
-22 + (0 - 21) + 33
-10
(9 - 10) + -8 - (-8 - 2 - -4)
-3
What is 2 - 4 - -5 - (-34 - -34) - 4?
-1
Evaluate -1 - (15 + -9 + 1 + (8 - 0)).
-16
What is 33 - 4 - (17 + -12) - 9?
15
What is the value of (-9 - (-8 + 9) - -3) + -1 + 0?
-8
Evaluate (-1 - 3) + 14 - (-1 + 25).
-14
What is the value of -6 + 2 + -9 - -2?
-11
Evaluate -4 + 6 - (-12 - -15 - (-7 + 4)).
-4
What is -12 - (30 + -62) - 46?
-26
What is the value of 41 + -34 + 8 + (2 - 1)?
16
Calculate (1 - 13) + 10 + 6 + 0 + -4.
0
What is the value of 10 - ((3 - -3) + (-22 - -12)) - 1?
13
What is -402 + 369 + (37 - -3)?
7
What is the value of (1 - (-11 + 4) - 9) + -2?
-3
Calculate -74 + 101 - (1 + 14).
12
What is -94 - -84 - ((3 - (12 + -2)) + 2)?
-5
2 - ((13 - (-1 - -8)) + -11)
7
What is the value of 10 + -9 - (-7 + (8 - -6))?
-6
Evaluate -10 - ((-8 + 12 + -6 - -6) + -5).
-9
Calculate 10 - (-5 + 1) - 19.
-5
Evaluate 6 + 12 + (-11 - (-7 - 5)).
19
What is 20 + 0 + -4 - (-7 + (13 - 8))?
18
23 - (-16 + 29 + 7)
3
What is (50 + -19 - 50) + 5?
-14
What is -14 - ((-22 - -13) + -5)?
0
Evaluate 5 + (-7 - (-4 - -6)) + 5 - -5.
6
-1 + 18 + -10 + -7 + (-1 - -5)
4
Calculate -74 + 40 + -3 + 35.
-2
Evaluate -2 - (1 + (0 - -6) + 20).
-29
What is (249 - 244) + 16 + 0?
21
Calculate -15 - (2 + -5 + (-13 - -4)).
-3
What is (-24 - (-25 - -8)) + -8?
-15
Calculate (15 - 2) + (-31 - -10) + 12.
4
Calculate -86 + 97 - ((-1 - 0) + 6).
6
What is the value of (-138 - -132) + -4 + 18?
8
What is 0 - (-38 - -17) - 19?
2
Calculate -20 + 17 + 0 - (1 + -11).
7
-7 + (39 - 16) + -45
-29
What is (154 - 141) + -8 + 0?
5
What is (5 + -9 - (-4 + 4)) + 0 + -5?
-9
What is the value of -18 - (12 + (-19 - -11 - -6))?
-28
What is 4 - (-18 - (7 - 16) - 7)?
20
What is the value of 5 + -2 + -10 + (13 - 6) - -15?
15
(24 - (24 - -17)) + 19
2
What is (1 - -7) + -2 + -22 + (21 - 6)?
-1
-5 - (-13 + -8 + 7 + 17)
-8
What is the value of -1 + -3 + 9 + (65 - 75)?
-5
Calculate (35 - 2) + -61 + 68.
40
What is the value of 35 - (23 + -8 + 4)?
16
Evaluate -8 - (2 - -3 - (25 - (-17 - -12))).
17
What is -15 - (-17 - (-5 - (-3 - -10)))?
-10
Evaluate (-17 - -10) + 43 + (-7 - 7).
22
Calculate -1 + 15 + -20 + 2.
-4
53 + -25 + 31 + -40
19
What is the value of 470 + -458 + (1 - 16 - 1)?
-4
Evaluate 5 + (1 - 0 - (3 + 6)).
-3
What is the value of 8 + (2 - 2) - (-7 - (-15 - -15))?
15
Calculate -4 - (13 - 16) - (-6 - (-1 - 2)).
2
What is the value of 5 + -2 + -3 + 1 + -5?
-4
Calculate (-6 - 20 - -13) + 14.
1
Calculate (3 - 9) + (-31 - (-47 + 22)).
-12
0 + -4 - (-20 + 2 - -6)
8
What is the value of 36 + -3 + (8 + -3 - 3) - 9?
26
What is -41 + 32 + (34 - -6)?
31
What is the value of -7 - ((5 - (8 + 1)) + 8)?
-11
153 + -153 + 4 + 21 + -4
21
What is the value of 5 + -22 + (-47 - -60)?
-4
-5 - (2 + 3 + -2 + 5)
-13
Evaluate 4 + 4 - (-14 - -3) - 7.
12
Calculate -6 + 17 + -8 + -14 - -18.
7
Calculate 12 - (47 + 28 + -49).
-14
What is the value of -138 - -119 - (-1 - 20)?
2
What is the value of (-14 - -4 - -28) + -15?
3
What is -9 - -7 - (-23 + 37)?
-16
What is the value of -6 - ((-5 - (1 - 5)) + -5)?
0
(8 - (-4 + (3 - -9) + -8)) + -26
-18
What is -496 + 489 + (-1 - -4)?
-4
Calculate -2 - (17 + -16) - 6.
-9
What is the value of -1 + -2 - -5 - (6 + -2 + 5)?
-7
What is the value of 6 - (3 - 2) - -5?
10
What is (4 - (8 + 13)) + (6 + -1 - -2)?
-10
-6 - (3 + -4) - 7
-12
-16 - (31 + -51 + -13)
17
Calculate 1 + -33 + (174 - 166).
-24
What is the value of -35 - -8 - (-7 + -1)?
-19
What is -3 + -9 + 19 - (4 - (4 - 2))?
5
Evaluate (2 - 1) + -18 - (-738 + 730).
-9
What is the value of -8 + 7 + (4 + 0 - (15 - 6))?
-6
What is -2 + -4 + 3 + -19 + 7 + -7?
-22
Calculate -14 + 52 + -24 + (1 - (7 + -2)).
10
What is the value of 19 - (14 + (16 - 35) + -2)?
26
What is the value of 1 - (0 - (-3 - -4) - 8)?
10
What is the value of 0 - (0 + -13 - (-53 + 48))?
8
What is the value of 29 + -30 + (-9 + 3 - -14)?
7
What is (2 + (-2 - -2) + -6 - -7) + -6?
-3
What is the value of -611 + 647 + -21 + 0?
15
Evaluate -1 - ((-3 - (0 + 0)) + 0 - 5).
7
-36 + (18 - 1 - (19 + -18))
-20
Calculate (-4 - (-5 + 2)) + (32 - 28).
3
Evaluate (0 + 0 + 0 - (-27 + 5)) + -6.
16
What is 12 + ((14 - -1) + -30 - -8)?
5
What is 43 - -9 - 0 - 26?
26
Calculate (13 - (8 + -3)) + -5.
3
What is the value of -9 - (246 + -274 + (1 - -5))?
13
3 + -4 - (31 - 32)
0
What is the value of -39 + 18 + (5 - 11) + (-4 - -1)?
-30
(-18 - (-40 + 2)) + -7
13
What is the value of (-57 + 26 - 15) + 18?
-28
Evaluate (-9 - 0) + 8 + 11.
10
(8 - (15 + 0)) + 9 + -6
-4
Evaluate -39 - -28 - (-3 - -5 - 13).
0
Evaluate -37 - -24 - ((2 - -7) + -5).
-17
9 - (14 + (10 - 17 - -9))
-7
Evaluate 10 + -5 + -14 + 18 - (-6 + 1).
14
-1 + 14 + -6 - (11 - 13)
9
Evaluate 1 + (-8 - ((-2 - 0) + -14)).
9
Evaluate -12 - ((11 - 15) + 1).
-9
Calculate 1 - (1 + 0) - 1 - (-566 - -564).
1
19 + -5 - (36 - 12) - -18
8
Calculate 7 + 1 + -4 + (-8 - -17).
13
What is 4 + 18 + -18 + 1 + -2 + -1?
2
What is the value of 19 - ((6 + -2 - 0) + -2) - 1?
16
(-25 - (-27 + 7)) + -7
-12
-7 + (-1 + -9 + -10 - -8)
-19
What is the value of -10 - (1 + -14 + -40 + 41)?
2
What is the value of -8 + -2 + 60 + -9 - (12 + -2)?
31
Evaluate -41 - (-137 - -42 - -17).
37
What is the value of (-19 + 2 - -2) + 30 + -1?
14
-3 + (-1 - -8) + -7 + (-20 - -20)
-3
Calculate (236 - 262) + -1 + 14.
-13
Evaluate -10 + -3 + (2 - (-10 - 1)).
0
Evaluate 39 + -14 + -10 + -25.
-10
Evaluate (-1 - -7) + (-4 - (-15 + 19)).
-2
What is the value of -65 + (22 - (-7 + -4))?
-32
16 - 3 - ((0 - 3) + 3)
13
What is the value of -7 - -7 - 5 - (-7 + 13 - 0)?
-11
Evaluate (1 + -9 - 0) + (1033 - 1028) - 3.
-6
Calc